 prime factors of 1302.
2, 3, 7, 31
What are the prime factors of 26147?
11, 2377
List the prime factors of 24492.
2, 3, 13, 157
List the prime factors of 10.
2, 5
List the prime factors of 16262.
2, 47, 173
List the prime factors of 2341.
2341
List the prime factors of 7736.
2, 967
List the prime factors of 2006.
2, 17, 59
List the prime factors of 14903.
7, 2129
What are the prime factors of 1124?
2, 281
List the prime factors of 166083.
3, 23, 29, 83
List the prime factors of 4026.
2, 3, 11, 61
List the prime factors of 1387.
19, 73
What are the prime factors of 2306?
2, 1153
What are the prime factors of 1868?
2, 467
What are the prime factors of 21350?
2, 5, 7, 61
What are the prime factors of 1393?
7, 199
List the prime factors of 18904.
2, 17, 139
What are the prime factors of 994?
2, 7, 71
What are the prime factors of 25072?
2, 1567
List the prime factors of 66181.
17, 229
What are the prime factors of 8588?
2, 19, 113
What are the prime factors of 3775?
5, 151
List the prime factors of 601.
601
List the prime factors of 25128.
2, 3, 349
What are the prime factors of 70596?
2, 3, 37, 53
List the prime factors of 713.
23, 31
List the prime factors of 2456.
2, 307
What are the prime factors of 14939?
14939
What are the prime factors of 66945?
3, 5, 4463
List the prime factors of 911.
911
List the prime factors of 72.
2, 3
What are the prime factors of 1874?
2, 937
What are the prime factors of 141246?
2, 3, 7, 19, 59
List the prime factors of 14455.
5, 7, 59
What are the prime factors of 68843?
43, 1601
List the prime factors of 804.
2, 3, 67
List the prime factors of 28572.
2, 3, 2381
What are the prime factors of 14445?
3, 5, 107
What are the prime factors of 775?
5, 31
What are the prime factors of 1390?
2, 5, 139
What are the prime factors of 1780?
2, 5, 89
List the prime factors of 1187.
1187
What are the prime factors of 123968?
2, 13, 149
List the prime factors of 23699.
13, 1823
List the prime factors of 1286.
2, 643
List the prime factors of 1888.
2, 59
List the prime factors of 6553.
6553
What are the prime factors of 5823?
3, 647
What are the prime factors of 2012?
2, 503
List the prime factors of 1849.
43
What are the prime factors of 352?
2, 11
List the prime factors of 2231.
23, 97
List the prime factors of 201.
3, 67
What are the prime factors of 2925?
3, 5, 13
List the prime factors of 9663.
3, 3221
What are the prime factors of 2071?
19, 109
What are the prime factors of 44429?
7, 11, 577
List the prime factors of 2921.
23, 127
What are the prime factors of 5666?
2, 2833
What are the prime factors of 89141?
13, 6857
What are the prime factors of 11327?
47, 241
What are the prime factors of 925?
5, 37
What are the prime factors of 3473?
23, 151
What are the prime factors of 431?
431
List the prime factors of 86830.
2, 5, 19, 457
List the prime factors of 10501.
10501
List the prime factors of 6184.
2, 773
What are the prime factors of 534?
2, 3, 89
List the prime factors of 309.
3, 103
What are the prime factors of 116971?
53, 2207
List the prime factors of 54319.
54319
What are the prime factors of 10360?
2, 5, 7, 37
What are the prime factors of 2481?
3, 827
What are the prime factors of 1967?
7, 281
List the prime factors of 38546.
2, 19273
List the prime factors of 2734.
2, 1367
What are the prime factors of 6728?
2, 29
What are the prime factors of 1086?
2, 3, 181
List the prime factors of 11068.
2, 2767
What are the prime factors of 965?
5, 193
List the prime factors of 5534.
2, 2767
What are the prime factors of 1510?
2, 5, 151
What are the prime factors of 3626?
2, 7, 37
List the prime factors of 3183.
3, 1061
What are the prime factors of 1760?
2, 5, 11
What are the prime factors of 25473?
3, 7, 1213
List the prime factors of 449.
449
What are the prime factors of 108391?
107, 1013
List the prime factors of 6350.
2, 5, 127
What are the prime factors of 13632?
2, 3, 71
List the prime factors of 2597.
7, 53
List the prime factors of 12720.
2, 3, 5, 53
What are the prime factors of 26598?
2, 3, 11, 13, 31
What are the prime factors of 23335?
5, 13, 359
List the prime factors of 1163.
1163
List the prime factors of 76103.
76103
What are the prime factors of 1286?
2, 643
What are the prime factors of 176559?
3, 229, 257
List the prime factors of 4216.
2, 17, 31
What are the prime factors of 76042?
2, 193, 197
What are the prime factors of 6114?
2, 3, 1019
What are the prime factors of 3310?
2, 5, 331
What are the prime factors of 5221?
23, 227
What are the prime factors of 4424?
2, 7, 79
What are the prime factors of 1294?
2, 647
What are the prime factors of 8629?
8629
List the prime factors of 43985.
5, 19, 463
What are the prime factors of 15401?
15401
What are the prime factors of 1145?
5, 229
What are the prime factors of 3?
3
List the prime factors of 80199.
3, 7, 19, 67
List the prime factors of 3719.
3719
List the prime factors of 121381.
13, 9337
List the prime factors of 3002.
2, 19, 79
List the prime factors of 4248.
2, 3, 59
List the prime factors of 12380.
2, 5, 619
What are the prime factors of 31551?
3, 13, 809
What are the prime factors of 5922?
2, 3, 7, 47
What are the prime factors of 314?
2, 157
List the prime factors of 22191.
3, 13, 569
What are the prime factors of 243?
3
List the prime factors of 4229.
4229
What are the prime factors of 215?
5, 43
List the prime factors of 7375.
5, 59
List the prime factors of 125777.
125777
List the prime factors of 1338.
2, 3, 223
What are the prime factors of 24012?
2, 3, 23, 29
What are the prime factors of 178?
2, 89
What are the prime factors of 822?
2, 3, 137
What are the prime factors of 37818?
2, 3, 11, 191
What are the prime factors of 116655?
3, 5, 7, 11, 101
What are the prime factors of 33689?
59, 571
What are the prime factors of 5165?
5, 1033
List the prime factors of 1287.
3, 11, 13
List the prime factors of 151807.
31, 59, 83
What are the prime factors of 1835?
5, 367
What are the prime factors of 3580?
2, 5, 179
What are the prime factors of 19054?
2, 7, 1361
What are the prime factors of 6540?
2, 3, 5, 109
What are the prime factors of 3462?
2, 3, 577
What are the prime factors of 30895?
5, 37, 167
What are the prime factors of 1287?
3, 11, 13
List the prime factors of 1057.
7, 151
List the prime factors of 302.
2, 151
List the prime factors of 648.
2, 3
What are the prime factors of 80927?
7, 11, 1051
What are the prime factors of 468?
2, 3, 13
What are the prime factors of 35540?
2, 5, 1777
List the prime factors of 1291.
1291
List the prime factors of 56544.
2, 3, 19, 31
What are the prime factors of 136109?
131, 1039
What are the prime factors of 36762?
2, 3, 11, 557
What are the prime factors of 9435?
3, 5, 17, 37
What are the prime factors of 1253?
7, 179
What are the prime factors of 92?
2, 23
List the prime factors of 130.
2, 5, 13
What are the prime factors of 1160?
2, 5, 29
List the prime factors of 950.
2, 5, 19
What are the prime factors of 4370?
2, 5, 19, 23
What are the prime factors of 2568?
2, 3, 107
List the prime factors of 1550.
2, 5, 31
What are the prime factors of 2301?
3, 13, 59
List the prime factors of 14410.
2, 5, 11, 131
List the prime factors of 9831.
3, 29, 113
List the prime factors of 17466.
2, 3, 41, 71
List the prime factors of 80222.
2, 40111
List the prime factors of 4039.
7, 577
List the prime factors of 20562.
2, 3, 23, 149
What are the prime factors of 68?
2, 17
What are the prime factors of 2746?
2, 1373
What are the prime factors of 121901?
13, 9377
List the prime factors of 60093.
3, 11, 607
What are the prime factors of 280?
2, 5, 7
What are the prime factors of 20843?
19, 1097
List the prime factors of 4172.
2, 7, 149
List the prime factors of 25712.
2, 1607
What are the prime factors of 93246?
2, 3, 15541
List the prime factors of 1476.
2, 3, 41
List the prime factors of 13527.
3, 167
List the prime factors of 67661.
11, 6151
What are the prime factors of 24890?
2, 5, 19, 131
List the prime factors of 4510.
2, 5, 11, 41
What are the prime factors of 5598?
2, 3, 311
List the prime factors of 67084.
2, 31, 541
List the prime factors of 3065.
5, 613
List the prime factors of 7106.
2, 11, 17, 19
What are the prime factors of 10735?
5, 19, 113
What are the prime factors of 70327?
70327
List the prim